{"id":398,"date":"2024-10-26T17:34:47","date_gmt":"2024-10-26T15:34:47","guid":{"rendered":"https:\/\/facadici.fr\/?page_id=398"},"modified":"2025-05-26T17:03:25","modified_gmt":"2025-05-26T15:03:25","slug":"398-2","status":"publish","type":"page","link":"https:\/\/facadici.fr\/index.php\/398-2\/","title":{"rendered":"Imitation pierre"},"content":{"rendered":"\t\t<div data-elementor-type=\"wp-page\" data-elementor-id=\"398\" class=\"elementor elementor-398\">\n\t\t\t\t<div class=\"elementor-element elementor-element-1f8026e e-flex e-con-boxed e-con e-parent\" data-id=\"1f8026e\" data-element_type=\"container\" data-e-type=\"container\">\n\t\t\t\t\t<div class=\"e-con-inner\">\n\t\t\t\t<div class=\"elementor-element elementor-element-beceb40 elementor-widget elementor-widget-image\" data-id=\"beceb40\" data-element_type=\"widget\" data-e-type=\"widget\" data-widget_type=\"image.default\">\n\t\t\t\t<div class=\"elementor-widget-container\">\n\t\t\t\t\t\t\t\t\t\t\t\t\t\t\t<img fetchpriority=\"high\" decoding=\"async\" width=\"3000\" height=\"1055\" src=\"https:\/\/facadici.fr\/wp-content\/uploads\/2023\/10\/Bright-Colored-Tumblr-Banner.png\" class=\"attachment-full size-full wp-image-59\" alt=\"\" srcset=\"https:\/\/facadici.fr\/wp-content\/uploads\/2023\/10\/Bright-Colored-Tumblr-Banner.png 3000w, https:\/\/facadici.fr\/wp-content\/uploads\/2023\/10\/Bright-Colored-Tumblr-Banner-300x106.png 300w, https:\/\/facadici.fr\/wp-content\/uploads\/2023\/10\/Bright-Colored-Tumblr-Banner-1024x360.png 1024w, https:\/\/facadici.fr\/wp-content\/uploads\/2023\/10\/Bright-Colored-Tumblr-Banner-768x270.png 768w, https:\/\/facadici.fr\/wp-content\/uploads\/2023\/10\/Bright-Colored-Tumblr-Banner-1536x540.png 1536w, https:\/\/facadici.fr\/wp-content\/uploads\/2023\/10\/Bright-Colored-Tumblr-Banner-2048x720.png 2048w\" sizes=\"(max-width: 3000px) 100vw, 3000px\" \/>\t\t\t\t\t\t\t\t\t\t\t\t\t\t\t<\/div>\n\t\t\t\t<\/div>\n\t\t\t\t\t<\/div>\n\t\t\t\t<\/div>\n\t\t<div class=\"elementor-element elementor-element-6dcc2b5 e-flex e-con-boxed e-con e-parent\" data-id=\"6dcc2b5\" data-element_type=\"container\" data-e-type=\"container\">\n\t\t\t\t\t<div class=\"e-con-inner\">\n\t\t<div class=\"elementor-element elementor-element-a69482f e-con-full e-flex e-con e-child\" data-id=\"a69482f\" data-element_type=\"container\" data-e-type=\"container\">\n\t\t\t\t<div class=\"elementor-element elementor-element-f61085a elementor-widget elementor-widget-image\" data-id=\"f61085a\" data-element_type=\"widget\" data-e-type=\"widget\" data-widget_type=\"image.default\">\n\t\t\t\t<div class=\"elementor-widget-container\">\n\t\t\t\t\t\t\t\t\t\t\t\t\t\t\t<img decoding=\"async\" width=\"1920\" height=\"2560\" src=\"https:\/\/facadici.fr\/wp-content\/uploads\/2024\/04\/IMG_7809-scaled.jpg\" class=\"attachment-full size-full wp-image-194\" alt=\"\" srcset=\"https:\/\/facadici.fr\/wp-content\/uploads\/2024\/04\/IMG_7809-scaled.jpg 1920w, https:\/\/facadici.fr\/wp-content\/uploads\/2024\/04\/IMG_7809-225x300.jpg 225w, https:\/\/facadici.fr\/wp-content\/uploads\/2024\/04\/IMG_7809-768x1024.jpg 768w, https:\/\/facadici.fr\/wp-content\/uploads\/2024\/04\/IMG_7809-1152x1536.jpg 1152w, https:\/\/facadici.fr\/wp-content\/uploads\/2024\/04\/IMG_7809-1536x2048.jpg 1536w\" sizes=\"(max-width: 1920px) 100vw, 1920px\" \/>\t\t\t\t\t\t\t\t\t\t\t\t\t\t\t<\/div>\n\t\t\t\t<\/div>\n\t\t\t\t<\/div>\n\t\t<div class=\"elementor-element elementor-element-5e420e8 e-con-full e-flex e-con e-child\" data-id=\"5e420e8\" data-element_type=\"container\" data-e-type=\"container\">\n\t\t\t\t<div class=\"elementor-element elementor-element-89cd3e5 elementor-widget__width-auto elementor-widget elementor-widget-text-editor\" data-id=\"89cd3e5\" data-element_type=\"widget\" data-e-type=\"widget\" data-widget_type=\"text-editor.default\">\n\t\t\t\t<div class=\"elementor-widget-container\">\n\t\t\t\t\t\t\t\t\t<p class=\"has-text-align-center\" style=\"caret-color: #000000; color: #000000; text-align: start;\">Qui n\u2019a jamais r\u00eav\u00e9 d\u2019habiller sa maison d\u2019un mur de pierre sans avoir \u00e0 compromettre l\u2019int\u00e9grit\u00e9 de ses fondations ? Osez toucher la texture de cet enduit aux formes et mati\u00e8res diversifi\u00e9es qui prennent l\u2019aspect de la pierre naturel.<\/p>\n<p class=\"has-text-align-center\" style=\"caret-color: #000000; color: #000000; text-align: start;\">N\u2019imaginez plus\u2026 vivez l\u2019exp\u00e9rience !<\/p>\n<p class=\"has-text-align-center\" style=\"caret-color: #000000; color: #000000; text-align: start;\">Nos gestes, techniques et savoir-faire donneront naissance \u00e0 des murs de pierres au r\u00e9alisme imbattable ! Travaill\u00e9 \u00e0 la main, notre enduit \u00e0 base de chaux est connu pour ses propri\u00e9t\u00e9s respirantes, p\u00e9rennes et respectueuses de l\u2019environnement.<\/p>\n<figure class=\"wp-block-image size-large\" style=\"caret-color: #000000; color: #000000;\"><\/figure>\t\t\t\t\t\t\t\t<\/div>\n\t\t\t\t<\/div>\n\t\t\t\t<\/div>\n\t\t\t\t\t<\/div>\n\t\t\t\t<\/div>\n\t\t<div class=\"elementor-element elementor-element-7035a2c e-flex e-con-boxed e-con e-parent\" data-id=\"7035a2c\" data-element_type=\"container\" data-e-type=\"container\">\n\t\t\t\t\t<div class=\"e-con-inner\">\n\t\t<div class=\"elementor-element elementor-element-2bd2cae e-con-full e-flex e-con e-child\" data-id=\"2bd2cae\" data-element_type=\"container\" data-e-type=\"container\">\n\t\t\t\t<div class=\"elementor-element elementor-element-82ea394 elementor-widget elementor-widget-text-editor\" data-id=\"82ea394\" data-element_type=\"widget\" data-e-type=\"widget\" data-widget_type=\"text-editor.default\">\n\t\t\t\t<div class=\"elementor-widget-container\">\n\t\t\t\t\t\t\t\t\t<p style=\"caret-color: #000000; color: #000000;\">L\u2019imitation pierre est un proc\u00e9d\u00e9 unique et innovant, qui, associ\u00e9 au travail m\u00e9ticuleux de nos ouvriers qualifi\u00e9s, dot\u00e9s de savoir-faire manuel et artistique, permet d\u2019obtenir un rev\u00eatement mural donnant l\u2019aspect de la pierre naturelle.<\/p>\n<p style=\"caret-color: #000000; color: #000000;\">Votre fa\u00e7ade ext\u00e9rieure sans r\u00e9el style aura une allure rustique tr\u00e8s charmante !<\/p>\t\t\t\t\t\t\t\t<\/div>\n\t\t\t\t<\/div>\n\t\t\t\t<\/div>\n\t\t<div class=\"elementor-element elementor-element-0bd1e28 e-con-full e-flex e-con e-child\" data-id=\"0bd1e28\" data-element_type=\"container\" data-e-type=\"container\">\n\t\t\t\t<div class=\"elementor-element elementor-element-0a3ae1f elementor-widget elementor-widget-image\" data-id=\"0a3ae1f\" data-element_type=\"widget\" data-e-type=\"widget\" data-widget_type=\"image.default\">\n\t\t\t\t<div class=\"elementor-widget-container\">\n\t\t\t\t\t\t\t\t\t\t\t\t\t\t\t<img decoding=\"async\" width=\"2560\" height=\"1920\" src=\"https:\/\/facadici.fr\/wp-content\/uploads\/2023\/10\/IMG_5702-scaled.jpg\" class=\"attachment-full size-full wp-image-54\" alt=\"\" srcset=\"https:\/\/facadici.fr\/wp-content\/uploads\/2023\/10\/IMG_5702-scaled.jpg 2560w, https:\/\/facadici.fr\/wp-content\/uploads\/2023\/10\/IMG_5702-300x225.jpg 300w, https:\/\/facadici.fr\/wp-content\/uploads\/2023\/10\/IMG_5702-1024x768.jpg 1024w, https:\/\/facadici.fr\/wp-content\/uploads\/2023\/10\/IMG_5702-768x576.jpg 768w, https:\/\/facadici.fr\/wp-content\/uploads\/2023\/10\/IMG_5702-1536x1152.jpg 1536w, https:\/\/facadici.fr\/wp-content\/uploads\/2023\/10\/IMG_5702-2048x1536.jpg 2048w\" sizes=\"(max-width: 2560px) 100vw, 2560px\" \/>\t\t\t\t\t\t\t\t\t\t\t\t\t\t\t<\/div>\n\t\t\t\t<\/div>\n\t\t\t\t<\/div>\n\t\t\t\t\t<\/div>\n\t\t\t\t<\/div>\n\t\t<div class=\"elementor-element elementor-element-c66d405 e-flex e-con-boxed e-con e-parent\" data-id=\"c66d405\" data-element_type=\"container\" data-e-type=\"container\">\n\t\t\t\t\t<div class=\"e-con-inner\">\n\t\t<div class=\"elementor-element elementor-element-a79d9ca e-con-full e-flex e-con e-child\" data-id=\"a79d9ca\" data-element_type=\"container\" data-e-type=\"container\">\n\t\t\t\t<div class=\"elementor-element elementor-element-28c8d04 elementor-widget elementor-widget-text-editor\" data-id=\"28c8d04\" data-element_type=\"widget\" data-e-type=\"widget\" data-widget_type=\"text-editor.default\">\n\t\t\t\t<div class=\"elementor-widget-container\">\n\t\t\t\t\t\t\t\t\t<p><strong>STYLE \u00ab\u00a0PIERRE S\u00c8CHE\u00a0\u00bb<\/strong><\/p><p>Il s\u2019agit d\u2019un enduit min\u00e9ral sp\u00e9cifique \u00e0 base de chaux et de poudre de marbre, que l\u2019on projette sur tout type de support \u2013 apr\u00e8s une pr\u00e9paration adapt\u00e9e \u2013 et qui est ensuite pigment\u00e9 selon vos envies.<span class=\"Apple-converted-space\">\u00a0<\/span><\/p><p>D\u00e8s le d\u00e9but de sa prise, l\u2019enduit de fa\u00e7ade est taill\u00e9 et retravaill\u00e9 enti\u00e8rement \u00e0 la main pour donner les formes, les teintes et les tailles de pierres reconstitu\u00e9es souhait\u00e9es ce qui vous permets de laisser libre court \u00e0 votre imagination et de cr\u00e9er le mur qui VOUS correspond !<\/p>\t\t\t\t\t\t\t\t<\/div>\n\t\t\t\t<\/div>\n\t\t\t\t<\/div>\n\t\t<div class=\"elementor-element elementor-element-a67b5b9 e-con-full e-flex e-con e-child\" data-id=\"a67b5b9\" data-element_type=\"container\" data-e-type=\"container\">\n\t\t<div class=\"elementor-element elementor-element-2a1dc51 e-con-full e-flex e-con e-child\" data-id=\"2a1dc51\" data-element_type=\"container\" data-e-type=\"container\">\n\t\t\t\t<div class=\"elementor-element elementor-element-f59b695 elementor-widget elementor-widget-image\" data-id=\"f59b695\" data-element_type=\"widget\" data-e-type=\"widget\" data-widget_type=\"image.default\">\n\t\t\t\t<div class=\"elementor-widget-container\">\n\t\t\t\t\t\t\t\t\t\t\t\t\t\t\t<img loading=\"lazy\" decoding=\"async\" width=\"300\" height=\"221\" src=\"https:\/\/facadici.fr\/wp-content\/uploads\/2024\/04\/IMG_7477-scaled-e1713518757765-300x221.jpg\" class=\"attachment-medium size-medium wp-image-170\" alt=\"\" srcset=\"https:\/\/facadici.fr\/wp-content\/uploads\/2024\/04\/IMG_7477-scaled-e1713518757765-300x221.jpg 300w, https:\/\/facadici.fr\/wp-content\/uploads\/2024\/04\/IMG_7477-scaled-e1713518757765-1024x753.jpg 1024w, https:\/\/facadici.fr\/wp-content\/uploads\/2024\/04\/IMG_7477-scaled-e1713518757765-768x565.jpg 768w, https:\/\/facadici.fr\/wp-content\/uploads\/2024\/04\/IMG_7477-scaled-e1713518757765-1536x1130.jpg 1536w, https:\/\/facadici.fr\/wp-content\/uploads\/2024\/04\/IMG_7477-scaled-e1713518757765.jpg 1920w\" sizes=\"(max-width: 300px) 100vw, 300px\" \/>\t\t\t\t\t\t\t\t\t\t\t\t\t\t\t<\/div>\n\t\t\t\t<\/div>\n\t\t\t\t<\/div>\n\t\t<div class=\"elementor-element elementor-element-1f07c9e e-con-full e-flex e-con e-child\" data-id=\"1f07c9e\" data-element_type=\"container\" data-e-type=\"container\">\n\t\t\t\t<div class=\"elementor-element elementor-element-091a7a6 elementor-widget elementor-widget-image\" data-id=\"091a7a6\" data-element_type=\"widget\" data-e-type=\"widget\" data-widget_type=\"image.default\">\n\t\t\t\t<div class=\"elementor-widget-container\">\n\t\t\t\t\t\t\t\t\t\t\t\t\t\t\t<img loading=\"lazy\" decoding=\"async\" width=\"300\" height=\"210\" src=\"https:\/\/facadici.fr\/wp-content\/uploads\/2024\/04\/IMG_8437-scaled-e1713519059562-300x210.jpg\" class=\"attachment-medium size-medium wp-image-172\" alt=\"\" srcset=\"https:\/\/facadici.fr\/wp-content\/uploads\/2024\/04\/IMG_8437-scaled-e1713519059562-300x210.jpg 300w, https:\/\/facadici.fr\/wp-content\/uploads\/2024\/04\/IMG_8437-scaled-e1713519059562-1024x717.jpg 1024w, https:\/\/facadici.fr\/wp-content\/uploads\/2024\/04\/IMG_8437-scaled-e1713519059562-768x538.jpg 768w, https:\/\/facadici.fr\/wp-content\/uploads\/2024\/04\/IMG_8437-scaled-e1713519059562.jpg 1181w\" sizes=\"(max-width: 300px) 100vw, 300px\" \/>\t\t\t\t\t\t\t\t\t\t\t\t\t\t\t<\/div>\n\t\t\t\t<\/div>\n\t\t\t\t<\/div>\n\t\t\t\t<\/div>\n\t\t\t\t\t<\/div>\n\t\t\t\t<\/div>\n\t\t<div class=\"elementor-element elementor-element-490f5b0 e-flex e-con-boxed e-con e-parent\" data-id=\"490f5b0\" data-element_type=\"container\" data-e-type=\"container\">\n\t\t\t\t\t<div class=\"e-con-inner\">\n\t\t\t\t<div class=\"elementor-element elementor-element-84ff93e elementor-widget elementor-widget-text-editor\" data-id=\"84ff93e\" data-element_type=\"widget\" data-e-type=\"widget\" data-widget_type=\"text-editor.default\">\n\t\t\t\t<div class=\"elementor-widget-container\">\n\t\t\t\t\t\t\t\t\t<p><strong>STYLE \u00ab\u00a0PIERRE-MA\u00c7ONN\u00c9E\u00a0\u00bb<\/strong><\/p>\t\t\t\t\t\t\t\t<\/div>\n\t\t\t\t<\/div>\n\t\t\t\t\t<\/div>\n\t\t\t\t<\/div>\n\t\t<div class=\"elementor-element elementor-element-63e824a e-flex e-con-boxed e-con e-parent\" data-id=\"63e824a\" data-element_type=\"container\" data-e-type=\"container\">\n\t\t\t\t\t<div class=\"e-con-inner\">\n\t\t<div class=\"elementor-element elementor-element-5517ff7 e-con-full e-flex e-con e-child\" data-id=\"5517ff7\" data-element_type=\"container\" data-e-type=\"container\">\n\t\t\t\t<div class=\"elementor-element elementor-element-cfcff7c elementor-widget elementor-widget-image\" data-id=\"cfcff7c\" data-element_type=\"widget\" data-e-type=\"widget\" data-widget_type=\"image.default\">\n\t\t\t\t<div class=\"elementor-widget-container\">\n\t\t\t\t\t\t\t\t\t\t\t\t\t\t\t<img loading=\"lazy\" decoding=\"async\" width=\"1024\" height=\"786\" src=\"https:\/\/facadici.fr\/wp-content\/uploads\/2024\/04\/3f260d2e-f796-4505-8619-62f1902a32d8-e1713520807352-1024x786.jpg\" class=\"attachment-large size-large wp-image-188\" alt=\"\" srcset=\"https:\/\/facadici.fr\/wp-content\/uploads\/2024\/04\/3f260d2e-f796-4505-8619-62f1902a32d8-e1713520807352-1024x786.jpg 1024w, https:\/\/facadici.fr\/wp-content\/uploads\/2024\/04\/3f260d2e-f796-4505-8619-62f1902a32d8-e1713520807352-300x230.jpg 300w, https:\/\/facadici.fr\/wp-content\/uploads\/2024\/04\/3f260d2e-f796-4505-8619-62f1902a32d8-e1713520807352-768x590.jpg 768w, https:\/\/facadici.fr\/wp-content\/uploads\/2024\/04\/3f260d2e-f796-4505-8619-62f1902a32d8-e1713520807352.jpg 1400w\" sizes=\"(max-width: 1024px) 100vw, 1024px\" \/>\t\t\t\t\t\t\t\t\t\t\t\t\t\t\t<\/div>\n\t\t\t\t<\/div>\n\t\t\t\t<\/div>\n\t\t<div class=\"elementor-element elementor-element-0082dcd e-con-full e-flex e-con e-child\" data-id=\"0082dcd\" data-element_type=\"container\" data-e-type=\"container\">\n\t\t\t\t<div class=\"elementor-element elementor-element-3df24da elementor-widget elementor-widget-image\" data-id=\"3df24da\" data-element_type=\"widget\" data-e-type=\"widget\" data-widget_type=\"image.default\">\n\t\t\t\t<div class=\"elementor-widget-container\">\n\t\t\t\t\t\t\t\t\t\t\t\t\t\t\t<img loading=\"lazy\" decoding=\"async\" width=\"1024\" height=\"768\" src=\"https:\/\/facadici.fr\/wp-content\/uploads\/2024\/04\/IMG_7908-1024x768.jpg\" class=\"attachment-large size-large wp-image-174\" alt=\"\" srcset=\"https:\/\/facadici.fr\/wp-content\/uploads\/2024\/04\/IMG_7908-1024x768.jpg 1024w, https:\/\/facadici.fr\/wp-content\/uploads\/2024\/04\/IMG_7908-300x225.jpg 300w, https:\/\/facadici.fr\/wp-content\/uploads\/2024\/04\/IMG_7908-768x576.jpg 768w, https:\/\/facadici.fr\/wp-content\/uploads\/2024\/04\/IMG_7908-1536x1152.jpg 1536w, https:\/\/facadici.fr\/wp-content\/uploads\/2024\/04\/IMG_7908-2048x1536.jpg 2048w\" sizes=\"(max-width: 1024px) 100vw, 1024px\" \/>\t\t\t\t\t\t\t\t\t\t\t\t\t\t\t<\/div>\n\t\t\t\t<\/div>\n\t\t\t\t<\/div>\n\t\t<div class=\"elementor-element elementor-element-efbfc83 e-con-full e-flex e-con e-child\" data-id=\"efbfc83\" data-element_type=\"container\" data-e-type=\"container\">\n\t\t\t\t<div class=\"elementor-element elementor-element-7ede06b elementor-widget elementor-widget-image\" data-id=\"7ede06b\" data-element_type=\"widget\" data-e-type=\"widget\" data-widget_type=\"image.default\">\n\t\t\t\t<div class=\"elementor-widget-container\">\n\t\t\t\t\t\t\t\t\t\t\t\t\t\t\t<img loading=\"lazy\" decoding=\"async\" width=\"838\" height=\"628\" src=\"https:\/\/facadici.fr\/wp-content\/uploads\/2024\/04\/3f260d2e-f796-4505-8619-62f1902a32d8-1.jpg\" class=\"attachment-large size-large wp-image-191\" alt=\"\" srcset=\"https:\/\/facadici.fr\/wp-content\/uploads\/2024\/04\/3f260d2e-f796-4505-8619-62f1902a32d8-1.jpg 838w, https:\/\/facadici.fr\/wp-content\/uploads\/2024\/04\/3f260d2e-f796-4505-8619-62f1902a32d8-1-300x225.jpg 300w, https:\/\/facadici.fr\/wp-content\/uploads\/2024\/04\/3f260d2e-f796-4505-8619-62f1902a32d8-1-768x576.jpg 768w, https:\/\/facadici.fr\/wp-content\/uploads\/2024\/04\/elementor\/thumbs\/3f260d2e-f796-4505-8619-62f1902a32d8-1-qmxocq0ugv82xywisdki320c7nvcjn2dgktkptxfw8.jpg 400w\" sizes=\"(max-width: 838px) 100vw, 838px\" \/>\t\t\t\t\t\t\t\t\t\t\t\t\t\t\t<\/div>\n\t\t\t\t<\/div>\n\t\t\t\t<\/div>\n\t\t<div class=\"elementor-element elementor-element-afd7efd e-con-full e-flex e-con e-child\" data-id=\"afd7efd\" data-element_type=\"container\" data-e-type=\"container\">\n\t\t\t\t<\/div>\n\t\t\t\t\t<\/div>\n\t\t\t\t<\/div>\n\t\t\t\t<\/div>\n\t\t","protected":false},"excerpt":{"rendered":"<p>Qui n\u2019a jamais r\u00eav\u00e9 d\u2019habiller sa maison d\u2019un mur de pierre sans avoir \u00e0 compromettre l\u2019int\u00e9grit\u00e9 de ses fondations ? Osez toucher la texture de cet enduit aux formes et mati\u00e8res diversifi\u00e9es qui prennent l\u2019aspect de la pierre naturel. N\u2019imaginez plus\u2026 vivez l\u2019exp\u00e9rience ! Nos gestes, techniques et savoir-faire donneront naissance \u00e0 des murs de [&hellip;]<\/p>\n","protected":false},"author":2,"featured_media":0,"parent":0,"menu_order":0,"comment_status":"closed","ping_status":"closed","template":"","meta":{"footnotes":""},"class_list":["post-398","page","type-page","status-publish","hentry"],"_links":{"self":[{"href":"https:\/\/facadici.fr\/index.php\/wp-json\/wp\/v2\/pages\/398","targetHints":{"allow":["GET"]}}],"collection":[{"href":"https:\/\/facadici.fr\/index.php\/wp-json\/wp\/v2\/pages"}],"about":[{"href":"https:\/\/facadici.fr\/index.php\/wp-json\/wp\/v2\/types\/page"}],"author":[{"embeddable":true,"href":"https:\/\/facadici.fr\/index.php\/wp-json\/wp\/v2\/users\/2"}],"replies":[{"embeddable":true,"href":"https:\/\/facadici.fr\/index.php\/wp-json\/wp\/v2\/comments?post=398"}],"version-history":[{"count":41,"href":"https:\/\/facadici.fr\/index.php\/wp-json\/wp\/v2\/pages\/398\/revisions"}],"predecessor-version":[{"id":909,"href":"https:\/\/facadici.fr\/index.php\/wp-json\/wp\/v2\/pages\/398\/revisions\/909"}],"wp:attachment":[{"href":"https:\/\/facadici.fr\/index.php\/wp-json\/wp\/v2\/media?parent=398"}],"curies":[{"name":"wp","href":"https:\/\/api.w.org\/{rel}","templated":true}]}}